{"id":1238,"date":"2021-05-11T06:52:45","date_gmt":"2021-05-11T06:52:45","guid":{"rendered":"https:\/\/www.adriatica.com.hr\/climate\/"},"modified":"2021-05-18T11:12:44","modified_gmt":"2021-05-18T11:12:44","slug":"klima","status":"publish","type":"page","link":"https:\/\/www.adriatica.com.hr\/hr\/klima\/","title":{"rendered":"Klima"},"content":{"rendered":"<p>[vc_row full_width=&#8221;stretch_row&#8221; css=&#8221;.vc_custom_1620715555341{background-image: url(https:\/\/www.adriatica.com.hr\/wp-content\/uploads\/2021\/05\/dramalj.jpg?id=309) !important;background-position: center !important;background-repeat: no-repeat !important;background-size: cover !important;}&#8221;][vc_column]<div class=\"cz_gap clr  hide_on_tablet hide_on_mobile\" style=\"height: 200px\"><\/div><div class=\"cz_gap show_on_tablet clr  show_only_tablet\" style=\"height: 200px\"><\/div><div class=\"cz_gap show_on_mobile clr\" style=\"height: 200px\"><\/div>[vc_column_text el_class=&#8221;white-color&#8221;]<\/p>\n<h1 style=\"text-align: center;\">Klima<\/h1>\n<p>[\/vc_column_text]<div class=\"cz_gap clr  hide_on_tablet hide_on_mobile\" style=\"height: 200px\"><\/div><div class=\"cz_gap show_on_tablet clr  show_only_tablet\" style=\"height: 200px\"><\/div><div class=\"cz_gap show_on_mobile clr\" style=\"height: 200px\"><\/div>[\/vc_column][\/vc_row][vc_row][vc_column]<div class=\"cz_gap clr  hide_on_tablet hide_on_mobile\" style=\"height: 75px\"><\/div><div class=\"cz_gap show_on_tablet clr  show_only_tablet\" style=\"height: 55px\"><\/div><div class=\"cz_gap show_on_mobile clr\" style=\"height: 35px\"><\/div>[\/vc_column][vc_column][vc_column_text]Klima Dramlja je me\u0111u najpovoljnijim u Europi, a meteorolo\u0161ka mjerenja zapo\u010deta su ve\u0107 1892. godine. Godi\u0161nje ima 2.500 sun\u010danih sati. Najtopliji je mjesec srpanj (23,1\u00b0C), a najhladniji sije\u010danj (5,6\u00b0C). Dramalj se nalazi u zoni mediteranske klime s toplim suhim ljetima i blagim ki\u0161ovitim zimama. Oborine su naj\u010de\u0161\u0107e u kasnu jesen i zimi, a njihov godi\u0161nji prosjek iznosi 1.383 mm. Snijeg, magla i temperatura ispod 5\u00b0C su velika rijetkost<\/p>\n<p>Zahvaljuju\u0107i smjeru vjetrova iz sjeveroisto\u010dnog kvadranta do Dramlja ne dopiru industrijska one\u010di\u0161\u0107enja Sjevernog Jadrana. Za osjetljive osobe posebno valja istaknuti \u010dist zrak bez \u0161tetnih alergena, smoga i industrijske pra\u0161ine te \u010disto more.[\/vc_column_text][\/vc_column][\/vc_row]<\/p>\n","protected":false},"excerpt":{"rendered":"<p>[vc_row full_width=&#8221;stretch_row&#8221; css=&#8221;.vc_custom_1620715555341{background-image: url(https:\/\/www.adriatica.com.hr\/wp-content\/uploads\/2021\/05\/dramalj.jpg?id=309) !important;background-position: center !important;background-repeat: no-repeat !important;background-size: cover !important;}&#8221;][vc_column][vc_column_text &#8230; <\/p>\n","protected":false},"author":1,"featured_media":0,"parent":0,"menu_order":0,"comment_status":"closed","ping_status":"closed","template":"","meta":{"footnotes":""},"class_list":["post-1238","page","type-page","status-publish","hentry"],"_links":{"self":[{"href":"https:\/\/www.adriatica.com.hr\/hr\/wp-json\/wp\/v2\/pages\/1238","targetHints":{"allow":["GET"]}}],"collection":[{"href":"https:\/\/www.adriatica.com.hr\/hr\/wp-json\/wp\/v2\/pages"}],"about":[{"href":"https:\/\/www.adriatica.com.hr\/hr\/wp-json\/wp\/v2\/types\/page"}],"author":[{"embeddable":true,"href":"https:\/\/www.adriatica.com.hr\/hr\/wp-json\/wp\/v2\/users\/1"}],"replies":[{"embeddable":true,"href":"https:\/\/www.adriatica.com.hr\/hr\/wp-json\/wp\/v2\/comments?post=1238"}],"version-history":[{"count":3,"href":"https:\/\/www.adriatica.com.hr\/hr\/wp-json\/wp\/v2\/pages\/1238\/revisions"}],"predecessor-version":[{"id":1280,"href":"https:\/\/www.adriatica.com.hr\/hr\/wp-json\/wp\/v2\/pages\/1238\/revisions\/1280"}],"wp:attachment":[{"href":"https:\/\/www.adriatica.com.hr\/hr\/wp-json\/wp\/v2\/media?parent=1238"}],"curies":[{"name":"wp","href":"https:\/\/api.w.org\/{rel}","templated":true}]}}

<p>[vc_row full_width=&#8221;stretch_row&#8221; css=&#8221;.vc_custom_1620715555341{background-image: url(https://www.adriatica.com.hr/wp-content/uploads/2021/05/dramalj.jpg?id=309) !important;background-position: center !important;background-repeat: no-repeat !important;background-size: cover !important;}&#8221;][vc_column]<div class="cz_gap clr  hide_on_tablet hide_on_mobile" style="height: 200px"></div><div class="cz_gap show_on_tablet clr  show_only_tablet" style="height: 200px"></div><div class="cz_gap show_on_mobile clr" style="height: 200px"></div>[vc_column_text el_class=&#8221;white-color&#8221;]</p>
<h1 style="text-align: center;">Klima</h1>
<p>[/vc_column_text]<div class="cz_gap clr  hide_on_tablet hide_on_mobile" style="height: 200px"></div><div class="cz_gap show_on_tablet clr  show_only_tablet" style="height: 200px"></div><div class="cz_gap show_on_mobile clr" style="height: 200px"></div>[/vc_column][/vc_row][vc_row][vc_column]<div class="cz_gap clr  hide_on_tablet hide_on_mobile" style="height: 75px"></div><div class="cz_gap show_on_tablet clr  show_only_tablet" style="height: 55px"></div><div class="cz_gap show_on_mobile clr" style="height: 35px"></div>[/vc_column][vc_column][vc_column_text]Klima Dramlja je među najpovoljnijim u Europi, a meteorološka mjerenja započeta su već 1892. godine. Godišnje ima 2.500 sunčanih sati. Najtopliji je mjesec srpanj (23,1°C), a najhladniji siječanj (5,6°C). Dramalj se nalazi u zoni mediteranske klime s toplim suhim ljetima i blagim kišovitim zimama. Oborine su najčešće u kasnu jesen i zimi, a njihov godišnji prosjek iznosi 1.383 mm. Snijeg, magla i temperatura ispod 5°C su velika rijetkost</p>
<p>Zahvaljujući smjeru vjetrova iz sjeveroistočnog kvadranta do Dramlja ne dopiru industrijska onečišćenja Sjevernog Jadrana. Za osjetljive osobe posebno valja istaknuti čist zrak bez štetnih alergena, smoga i industrijske prašine te čisto more.[/vc_column_text][/vc_column][/vc_row]</p>
